{"id":2560,"date":"2015-09-26T18:56:30","date_gmt":"2015-09-26T18:56:30","guid":{"rendered":"http:\/\/complejovalparaiso.com.ar\/2016\/?page_id=2560"},"modified":"2019-11-29T15:46:12","modified_gmt":"2019-11-29T15:46:12","slug":"home","status":"publish","type":"page","link":"https:\/\/complejovalparaiso.com.ar\/","title":{"rendered":"Home"},"content":{"rendered":"<p>El complejo Valpara\u00edso cuenta con servicio de alojamiento en modalidad de D\u00faplex para 5 personas.<br \/>Ubicado a s\u00f3lo tres cuadras del mar, en la zona de las mejores playas del Balneario Costa Corvinas.<\/p>\n<p>El alquiler de las unidades puede realizarse durante todo el a\u00f1o, ya sea por d\u00eda, semana, quincena, mes o temporada.<\/p>\n<p>Las unidades de vivienda cuentan con TV color, cable y WiFi.<br \/>Per\u00edmetro totalmente cercado brindando mayor seguridad y privacidad.<br \/>Posee cochera cubierta, parque de 500 m2, juegos de jard\u00edn, parrilla techada y quincho compartido.<br \/>Servicio de mucama y ropa blanca.<\/p>\n<p>Abierto todo el a\u00f1o<\/p>\n","protected":false},"excerpt":{"rendered":"<p>El complejo Valpara\u00edso cuenta con servicio de alojamiento en modalidad de D\u00faplex para 5 personas.Ubicado a s\u00f3lo tres cuadras del mar, en la zona de las mejores playas del Balneario Costa Corvinas. El alquiler de las unidades puede realizarse durante todo el a\u00f1o, ya sea por d\u00eda, semana, quincena, mes o temporada. Las unidades de [&hellip;]<\/p>\n","protected":false},"author":3,"featured_media":0,"parent":0,"menu_order":0,"comment_status":"closed","ping_status":"closed","template":"","meta":{"_joinchat":[],"footnotes":""},"class_list":["post-2560","page","type-page","status-publish","hentry"],"yoast_head":"<!-- This site is optimized with the Yoast SEO plugin v27.4 - https:\/\/yoast.com\/product\/yoast-seo-wordpress\/ -->\n<title>Home - Complejo Valparaiso<\/title>\n<meta name=\"robots\" content=\"index, follow, max-snippet:-1, max-image-preview:large, max-video-preview:-1\" \/>\n<link rel=\"canonical\" href=\"https:\/\/complejovalparaiso.com.ar\/\" \/>\n<meta property=\"og:locale\" content=\"es_ES\" \/>\n<meta property=\"og:type\" content=\"article\" \/>\n<meta property=\"og:title\" content=\"Home - Complejo Valparaiso\" \/>\n<meta property=\"og:description\" content=\"El complejo Valpara\u00edso cuenta con servicio de alojamiento en modalidad de D\u00faplex para 5 personas.Ubicado a s\u00f3lo tres cuadras del mar, en la zona de las mejores playas del Balneario Costa Corvinas. El alquiler de las unidades puede realizarse durante todo el a\u00f1o, ya sea por d\u00eda, semana, quincena, mes o temporada. Las unidades de [&hellip;]\" \/>\n<meta property=\"og:url\" content=\"https:\/\/complejovalparaiso.com.ar\/\" \/>\n<meta property=\"og:site_name\" content=\"Complejo Valparaiso\" \/>\n<meta property=\"article:modified_time\" content=\"2019-11-29T15:46:12+00:00\" \/>\n<meta name=\"twitter:card\" content=\"summary_large_image\" \/>\n<meta name=\"twitter:label1\" content=\"Tiempo de lectura\" \/>\n\t<meta name=\"twitter:data1\" content=\"1 minuto\" \/>\n<script type=\"application\/ld+json\" class=\"yoast-schema-graph\">{\"@context\":\"https:\\\/\\\/schema.org\",\"@graph\":[{\"@type\":\"WebPage\",\"@id\":\"https:\\\/\\\/complejovalparaiso.com.ar\\\/\",\"url\":\"https:\\\/\\\/complejovalparaiso.com.ar\\\/\",\"name\":\"Home - Complejo Valparaiso\",\"isPartOf\":{\"@id\":\"https:\\\/\\\/complejovalparaiso.com.ar\\\/#website\"},\"datePublished\":\"2015-09-26T18:56:30+00:00\",\"dateModified\":\"2019-11-29T15:46:12+00:00\",\"breadcrumb\":{\"@id\":\"https:\\\/\\\/complejovalparaiso.com.ar\\\/#breadcrumb\"},\"inLanguage\":\"es\",\"potentialAction\":[{\"@type\":\"ReadAction\",\"target\":[\"https:\\\/\\\/complejovalparaiso.com.ar\\\/\"]}]},{\"@type\":\"BreadcrumbList\",\"@id\":\"https:\\\/\\\/complejovalparaiso.com.ar\\\/#breadcrumb\",\"itemListElement\":[{\"@type\":\"ListItem\",\"position\":1,\"name\":\"Portada\",\"item\":\"https:\\\/\\\/complejovalparaiso.com.ar\\\/\"},{\"@type\":\"ListItem\",\"position\":2,\"name\":\"Home\"}]},{\"@type\":\"WebSite\",\"@id\":\"https:\\\/\\\/complejovalparaiso.com.ar\\\/#website\",\"url\":\"https:\\\/\\\/complejovalparaiso.com.ar\\\/\",\"name\":\"Complejo Valparaiso\",\"description\":\"Santa Clara del Mar - Bs. As. - Argentina\",\"potentialAction\":[{\"@type\":\"SearchAction\",\"target\":{\"@type\":\"EntryPoint\",\"urlTemplate\":\"https:\\\/\\\/complejovalparaiso.com.ar\\\/?s={search_term_string}\"},\"query-input\":{\"@type\":\"PropertyValueSpecification\",\"valueRequired\":true,\"valueName\":\"search_term_string\"}}],\"inLanguage\":\"es\"}]}<\/script>\n<!-- \/ Yoast SEO plugin. -->","yoast_head_json":{"title":"Home - Complejo Valparaiso","robots":{"index":"index","follow":"follow","max-snippet":"max-snippet:-1","max-image-preview":"max-image-preview:large","max-video-preview":"max-video-preview:-1"},"canonical":"https:\/\/complejovalparaiso.com.ar\/","og_locale":"es_ES","og_type":"article","og_title":"Home - Complejo Valparaiso","og_description":"El complejo Valpara\u00edso cuenta con servicio de alojamiento en modalidad de D\u00faplex para 5 personas.Ubicado a s\u00f3lo tres cuadras del mar, en la zona de las mejores playas del Balneario Costa Corvinas. El alquiler de las unidades puede realizarse durante todo el a\u00f1o, ya sea por d\u00eda, semana, quincena, mes o temporada. Las unidades de [&hellip;]","og_url":"https:\/\/complejovalparaiso.com.ar\/","og_site_name":"Complejo Valparaiso","article_modified_time":"2019-11-29T15:46:12+00:00","twitter_card":"summary_large_image","twitter_misc":{"Tiempo de lectura":"1 minuto"},"schema":{"@context":"https:\/\/schema.org","@graph":[{"@type":"WebPage","@id":"https:\/\/complejovalparaiso.com.ar\/","url":"https:\/\/complejovalparaiso.com.ar\/","name":"Home - Complejo Valparaiso","isPartOf":{"@id":"https:\/\/complejovalparaiso.com.ar\/#website"},"datePublished":"2015-09-26T18:56:30+00:00","dateModified":"2019-11-29T15:46:12+00:00","breadcrumb":{"@id":"https:\/\/complejovalparaiso.com.ar\/#breadcrumb"},"inLanguage":"es","potentialAction":[{"@type":"ReadAction","target":["https:\/\/complejovalparaiso.com.ar\/"]}]},{"@type":"BreadcrumbList","@id":"https:\/\/complejovalparaiso.com.ar\/#breadcrumb","itemListElement":[{"@type":"ListItem","position":1,"name":"Portada","item":"https:\/\/complejovalparaiso.com.ar\/"},{"@type":"ListItem","position":2,"name":"Home"}]},{"@type":"WebSite","@id":"https:\/\/complejovalparaiso.com.ar\/#website","url":"https:\/\/complejovalparaiso.com.ar\/","name":"Complejo Valparaiso","description":"Santa Clara del Mar - Bs. As. - Argentina","potentialAction":[{"@type":"SearchAction","target":{"@type":"EntryPoint","urlTemplate":"https:\/\/complejovalparaiso.com.ar\/?s={search_term_string}"},"query-input":{"@type":"PropertyValueSpecification","valueRequired":true,"valueName":"search_term_string"}}],"inLanguage":"es"}]}},"_links":{"self":[{"href":"https:\/\/complejovalparaiso.com.ar\/index.php?rest_route=\/wp\/v2\/pages\/2560","targetHints":{"allow":["GET"]}}],"collection":[{"href":"https:\/\/complejovalparaiso.com.ar\/index.php?rest_route=\/wp\/v2\/pages"}],"about":[{"href":"https:\/\/complejovalparaiso.com.ar\/index.php?rest_route=\/wp\/v2\/types\/page"}],"author":[{"embeddable":true,"href":"https:\/\/complejovalparaiso.com.ar\/index.php?rest_route=\/wp\/v2\/users\/3"}],"replies":[{"embeddable":true,"href":"https:\/\/complejovalparaiso.com.ar\/index.php?rest_route=%2Fwp%2Fv2%2Fcomments&post=2560"}],"version-history":[{"count":3,"href":"https:\/\/complejovalparaiso.com.ar\/index.php?rest_route=\/wp\/v2\/pages\/2560\/revisions"}],"predecessor-version":[{"id":2619,"href":"https:\/\/complejovalparaiso.com.ar\/index.php?rest_route=\/wp\/v2\/pages\/2560\/revisions\/2619"}],"wp:attachment":[{"href":"https:\/\/complejovalparaiso.com.ar\/index.php?rest_route=%2Fwp%2Fv2%2Fmedia&parent=2560"}],"curies":[{"name":"wp","href":"https:\/\/api.w.org\/{rel}","templated":true}]}}